{"id":181,"date":"2017-04-26T14:40:41","date_gmt":"2017-04-26T13:40:41","guid":{"rendered":"http:\/\/artisanvannier.com\/?page_id=181"},"modified":"2018-11-01T10:50:32","modified_gmt":"2018-11-01T09:50:32","slug":"commandes-contact","status":"publish","type":"page","link":"https:\/\/artisanvannier.com\/index.php\/commandes-contact\/","title":{"rendered":"Commandes &#8211; Contact"},"content":{"rendered":"<p style=\"text-align: center;\"><strong>Yann Colas<\/strong> (vannier \u00e0 la retraite)<br \/>\n7 chemin potier\u00a091760 Itteville<br \/>\nTel : 01 69 90 93 42<br \/>\n(Laissez un message sur le r\u00e9pondeur)<br \/>\ncontact[\u00e0]artisanvannier.com remplacez [\u00e0] par @<\/p>\n<p>&nbsp;<\/p>\n<p>Je n&rsquo;ai pas de boutique, ni de grande surface d&rsquo;exposition.\u00a0Pour me rendre visite, contactez moi avant par t\u00e9l\u00e9phone pour \u00eatre s\u00fbr que je sois chez moi et disponible.<br \/>\nVous pouvez me rencontrer sur les diff\u00e9rentes manifestations dans la r\u00e9gion o\u00f9 je suis pr\u00e9sent et je fais des d\u00e9monstrations. La vannerie est toujours une passion.<\/p>\n","protected":false},"excerpt":{"rendered":"<p>Yann Colas (vannier \u00e0 la retraite) 7 chemin potier\u00a091760 Itteville Tel : 01 69 90 93 42 (Laissez un message sur le r\u00e9pondeur) contact[\u00e0]artisanvannier.com remplacez [\u00e0] par @ &nbsp; Je n&rsquo;ai pas de boutique, ni de grande surface d&rsquo;exposition.\u00a0Pour me rendre visite, contactez moi avant par t\u00e9l\u00e9phone pour \u00eatre s\u00fbr que je sois chez moi [&hellip;]<\/p>\n","protected":false},"author":1,"featured_media":0,"parent":0,"menu_order":0,"comment_status":"closed","ping_status":"closed","template":"","meta":[],"_links":{"self":[{"href":"https:\/\/artisanvannier.com\/index.php\/wp-json\/wp\/v2\/pages\/181"}],"collection":[{"href":"https:\/\/artisanvannier.com\/index.php\/wp-json\/wp\/v2\/pages"}],"about":[{"href":"https:\/\/artisanvannier.com\/index.php\/wp-json\/wp\/v2\/types\/page"}],"author":[{"embeddable":true,"href":"https:\/\/artisanvannier.com\/index.php\/wp-json\/wp\/v2\/users\/1"}],"replies":[{"embeddable":true,"href":"https:\/\/artisanvannier.com\/index.php\/wp-json\/wp\/v2\/comments?post=181"}],"version-history":[{"count":16,"href":"https:\/\/artisanvannier.com\/index.php\/wp-json\/wp\/v2\/pages\/181\/revisions"}],"predecessor-version":[{"id":367,"href":"https:\/\/artisanvannier.com\/index.php\/wp-json\/wp\/v2\/pages\/181\/revisions\/367"}],"wp:attachment":[{"href":"https:\/\/artisanvannier.com\/index.php\/wp-json\/wp\/v2\/media?parent=181"}],"curies":[{"name":"wp","href":"https:\/\/api.w.org\/{rel}","templated":true}]}}