{"id":174,"date":"2017-04-26T14:32:29","date_gmt":"2017-04-26T13:32:29","guid":{"rendered":"http:\/\/artisanvannier.com\/?page_id=174"},"modified":"2018-05-16T14:38:48","modified_gmt":"2018-05-16T13:38:48","slug":"creations","status":"publish","type":"page","link":"https:\/\/artisanvannier.com\/index.php\/creations\/","title":{"rendered":"Cr\u00e9ations"},"content":{"rendered":"<p style=\"text-align: center;\">Le travail \u00e0 la main est le pivot de mon expression artistique.<br \/>\nLa connaissance des mat\u00e9riaux est ce qui me donne du plaisir \u00e0 manipuler et cr\u00e9er.<\/p>\n<p><img loading=\"lazy\" class=\"wp-image-319 aligncenter\" src=\"http:\/\/artisanvannier.com\/wp-content\/uploads\/2017\/04\/creations-300x169.jpg\" alt=\"\" width=\"761\" height=\"429\" srcset=\"https:\/\/artisanvannier.com\/wp-content\/uploads\/2017\/04\/creations-300x169.jpg 300w, https:\/\/artisanvannier.com\/wp-content\/uploads\/2017\/04\/creations-768x432.jpg 768w, https:\/\/artisanvannier.com\/wp-content\/uploads\/2017\/04\/creations-1024x576.jpg 1024w\" sizes=\"(max-width: 761px) 100vw, 761px\" \/><\/p>\n<p>&nbsp;<\/p>\n","protected":false},"excerpt":{"rendered":"<p>Le travail \u00e0 la main est le pivot de mon expression artistique. La connaissance des mat\u00e9riaux est ce qui me donne du plaisir \u00e0 manipuler et cr\u00e9er. &nbsp;<\/p>\n","protected":false},"author":1,"featured_media":0,"parent":0,"menu_order":0,"comment_status":"closed","ping_status":"closed","template":"","meta":[],"_links":{"self":[{"href":"https:\/\/artisanvannier.com\/index.php\/wp-json\/wp\/v2\/pages\/174"}],"collection":[{"href":"https:\/\/artisanvannier.com\/index.php\/wp-json\/wp\/v2\/pages"}],"about":[{"href":"https:\/\/artisanvannier.com\/index.php\/wp-json\/wp\/v2\/types\/page"}],"author":[{"embeddable":true,"href":"https:\/\/artisanvannier.com\/index.php\/wp-json\/wp\/v2\/users\/1"}],"replies":[{"embeddable":true,"href":"https:\/\/artisanvannier.com\/index.php\/wp-json\/wp\/v2\/comments?post=174"}],"version-history":[{"count":11,"href":"https:\/\/artisanvannier.com\/index.php\/wp-json\/wp\/v2\/pages\/174\/revisions"}],"predecessor-version":[{"id":349,"href":"https:\/\/artisanvannier.com\/index.php\/wp-json\/wp\/v2\/pages\/174\/revisions\/349"}],"wp:attachment":[{"href":"https:\/\/artisanvannier.com\/index.php\/wp-json\/wp\/v2\/media?parent=174"}],"curies":[{"name":"wp","href":"https:\/\/api.w.org\/{rel}","templated":true}]}}